{"id":7199,"date":"2025-10-26T15:05:37","date_gmt":"2025-10-26T14:05:37","guid":{"rendered":"https:\/\/espritlibre.ovh\/?page_id=7199"},"modified":"2026-03-27T08:17:20","modified_gmt":"2026-03-27T07:17:20","slug":"a-propos","status":"publish","type":"page","link":"https:\/\/espritlibre.ovh\/?page_id=7199","title":{"rendered":"A propos"},"content":{"rendered":"\n<p>\u00c0 propos de notre association Esprit Libre. <\/p>\n\n\n\n<div class=\"wp-block-media-text is-stacked-on-mobile\" style=\"grid-template-columns:29% auto\"><figure class=\"wp-block-media-text__media\"><img data-recalc-dims=\"1\" loading=\"lazy\" decoding=\"async\" width=\"640\" height=\"480\" src=\"https:\/\/i0.wp.com\/espritlibre.ovh\/wp-content\/uploads\/2024\/05\/logo-1.jpg?resize=640%2C480&#038;ssl=1\" alt=\"\" class=\"wp-image-4674 size-full\" srcset=\"https:\/\/i0.wp.com\/espritlibre.ovh\/wp-content\/uploads\/2024\/05\/logo-1-scaled.jpg?resize=1024%2C768&amp;ssl=1 1024w, https:\/\/i0.wp.com\/espritlibre.ovh\/wp-content\/uploads\/2024\/05\/logo-1-scaled.jpg?resize=300%2C225&amp;ssl=1 300w, https:\/\/i0.wp.com\/espritlibre.ovh\/wp-content\/uploads\/2024\/05\/logo-1-scaled.jpg?resize=768%2C576&amp;ssl=1 768w, https:\/\/i0.wp.com\/espritlibre.ovh\/wp-content\/uploads\/2024\/05\/logo-1-scaled.jpg?resize=1536%2C1152&amp;ssl=1 1536w, https:\/\/i0.wp.com\/espritlibre.ovh\/wp-content\/uploads\/2024\/05\/logo-1-scaled.jpg?resize=2048%2C1536&amp;ssl=1 2048w, https:\/\/i0.wp.com\/espritlibre.ovh\/wp-content\/uploads\/2024\/05\/logo-1-scaled.jpg?w=1280&amp;ssl=1 1280w, https:\/\/i0.wp.com\/espritlibre.ovh\/wp-content\/uploads\/2024\/05\/logo-1-scaled.jpg?w=1920&amp;ssl=1 1920w\" sizes=\"auto, (max-width: 640px) 100vw, 640px\" \/><\/figure><div class=\"wp-block-media-text__content\">\n<p>\u00ab\u00a0<strong>Esprit Libre<\/strong>\u00a0\u00bb est une association d&rsquo;action culturelle et de cr\u00e9ation artistique. Nous projet est de lancer  une maison d&rsquo;\u00e9dition associative dont l&rsquo;objectif sera de permettre \u00e0 tout artiste de Normandie de pouvoir \u00eatre \u00e9dit\u00e9s sur la base de contrat d&rsquo;\u00e9dition priorisant la r\u00e9mun\u00e9ration du cr\u00e9ateur. Nous \u00e9diterons des livres d\u00e9mat\u00e9rialis\u00e9s principalement ainsi que de la cr\u00e9ation musicale.<\/p>\n<\/div><\/div>\n\n\n\n<p>Voil\u00e0 un projet des plus d\u00e9licats et passionnant. C\u2019est bien la passion qui nous alimente. Cela consiste \u00e0 mettre en lumi\u00e8re le travail des artistes locaux au travers la vente de leurs r\u00e9alisations.&nbsp;Notre zone principale d&rsquo;action est Rouen et son agglom\u00e9ration.<\/p>\n\n\n\n<p>Notre objectif, c\u2019est de permettre aux artistes \u00e9dit\u00e9s chez nous de pouvoir obtenir un maximum de connexion dans cet univers qu\u2019est internet.&nbsp;<\/p>\n\n\n\n<p>Sur la base d\u2019un contrat d\u2019auteur, nous nous engageons \u00e0 g\u00e9n\u00e9rer un r\u00e9seau national et francophone pour que les \u0153uvres artistiques soient les pus optimis\u00e9es.&nbsp;<\/p>\n\n\n\n<p>Nous assurons entre 60 et 80 % de r\u00e9mun\u00e9ration aux auteurs en moyenne dans nos contrats sur les ventes d\u00e9mat\u00e9rialis\u00e9es de leurs \u0153uvres.&nbsp;<\/p>\n\n\n\n<p>Concernant les \u0153uvres vendues mat\u00e9riellement, le contrat portera sur une r\u00e9mun\u00e9ration de l\u2019ordre de 30 \u00e0 50 % selon les cas.<\/p>\n\n\n\n<h2 class=\"wp-block-heading has-vivid-red-color has-text-color has-link-color wp-elements-063601b39cbc0724d370a9e9b265c94c\">D\u00e9marrage du projet : Octobre 2026 <\/h2>\n\n\n\n<hr class=\"wp-block-separator has-alpha-channel-opacity is-style-wide\"\/>\n\n\n\n<h3 class=\"wp-block-heading\">2026 : Esprit Libre, le journal, Radio Mug International, notre radio <\/h3>\n\n\n\n<h2 class=\"wp-block-heading\">En amont de notre projet, nous lan\u00e7ons un journal d&rsquo;information locale <\/h2>\n\n\n\n<p>\u00a0\u00bb Esprit Libre\u00a0\u00bb est d&rsquo;abord un journal culturel et de cr\u00e9ation artistique dont les principaux axes seront de d\u00e9velopper de l&rsquo;information principalement sur l&rsquo;agglom\u00e9ration rouennaise. <\/p>\n\n\n\n<p>Rien de tel pour cr\u00e9er une dynamique r\u00e9aliste qui nous permettra de construire en parall\u00e8le notre projet de maison d&rsquo;\u00e9dition associative.<\/p>\n\n\n\n<p><\/p>\n","protected":false},"excerpt":{"rendered":"<p>\u00c0 propos de notre association Esprit Libre. \u00ab\u00a0Esprit Libre\u00a0\u00bb est une association d&rsquo;action culturelle et de cr\u00e9ation artistique.<\/p>\n","protected":false},"author":1,"featured_media":0,"parent":0,"menu_order":0,"comment_status":"closed","ping_status":"closed","template":"","meta":{"footnotes":""},"class_list":["post-7199","page","type-page","status-publish","hentry"],"jetpack-related-posts":[{"id":33,"url":"https:\/\/espritlibre.ovh\/?page_id=33","url_meta":{"origin":7199,"position":0},"title":"Pr\u00e9sentation","author":"Esprit Libre","date":"21 octobre 2021","format":false,"excerpt":"Pr\u00e9sentation Esprit Libre : Une maison d'\u00e9dition associative en Normandie. Voil\u00e0 un projet des plus d\u00e9licats et passionnant. c'est bien la passion qui nous alimentent. Celle qui consiste \u00e0 mettre en lumi\u00e8re des artistes locaux au travers la vente de leurs r\u00e9alisations. Notre objectif, c'est de permettre aux artistes \u00e9dit\u00e9s\u2026","rel":"","context":"Article similaire","block_context":{"text":"Article similaire","link":""},"img":{"alt_text":"","src":"","width":0,"height":0},"classes":[]},{"id":3038,"url":"https:\/\/espritlibre.ovh\/?page_id=3038","url_meta":{"origin":7199,"position":1},"title":"Soutiens-nous avec ton pognon","author":"Esprit Libre","date":"9 juin 2023","format":false,"excerpt":"Soutiens-nous avec ton pognon ! POUR FAIRE UN DON CLIQUER SUR LE BOUTON \u201cCONTRIBUER\u201d Esprit Libre soutient l'expression libre Depuis 2021, nous travaillons b\u00e9n\u00e9volement. Ici, pas de pub, ni subventions . Esprit Libre est une association qui soutient la culture locale par la mise en ligne de cr\u00e9ations artistiques et\u2026","rel":"","context":"Article similaire","block_context":{"text":"Article similaire","link":""},"img":{"alt_text":"","src":"https:\/\/i0.wp.com\/espritlibre.ovh\/wp-content\/uploads\/2024\/05\/logo-1-scaled.jpg?resize=350%2C200&ssl=1","width":350,"height":200,"srcset":"https:\/\/i0.wp.com\/espritlibre.ovh\/wp-content\/uploads\/2024\/05\/logo-1-scaled.jpg?resize=350%2C200&ssl=1 1x, https:\/\/i0.wp.com\/espritlibre.ovh\/wp-content\/uploads\/2024\/05\/logo-1-scaled.jpg?resize=525%2C300&ssl=1 1.5x, https:\/\/i0.wp.com\/espritlibre.ovh\/wp-content\/uploads\/2024\/05\/logo-1-scaled.jpg?resize=700%2C400&ssl=1 2x, https:\/\/i0.wp.com\/espritlibre.ovh\/wp-content\/uploads\/2024\/05\/logo-1-scaled.jpg?resize=1050%2C600&ssl=1 3x, https:\/\/i0.wp.com\/espritlibre.ovh\/wp-content\/uploads\/2024\/05\/logo-1-scaled.jpg?resize=1400%2C800&ssl=1 4x"},"classes":[]},{"id":1153,"url":"https:\/\/espritlibre.ovh\/","url_meta":{"origin":7199,"position":2},"title":"textes choisis","author":"Esprit Libre","date":"29 ao\u00fbt 2022","format":false,"excerpt":"Le projet Journal, radio, maison d'\u00e9dition, nous agissons pour que l'expression artistique et culturelle puisse \u00eatre \u00e0 la port\u00e9e de tous. Auteurs, nous nous sommes rassembl\u00e9s afin de d\u00e9velopper un support libre sur des valeurs sp\u00e9cifiques. Nous d\u00e9fendons la libert\u00e9 d'expression dans le respect de tous. Ni racisme, ni haine,\u2026","rel":"","context":"Article similaire","block_context":{"text":"Article similaire","link":""},"img":{"alt_text":"","src":"https:\/\/i0.wp.com\/espritlibre.ovh\/wp-content\/uploads\/2024\/05\/logo-1-scaled.jpg?resize=350%2C200&ssl=1","width":350,"height":200,"srcset":"https:\/\/i0.wp.com\/espritlibre.ovh\/wp-content\/uploads\/2024\/05\/logo-1-scaled.jpg?resize=350%2C200&ssl=1 1x, https:\/\/i0.wp.com\/espritlibre.ovh\/wp-content\/uploads\/2024\/05\/logo-1-scaled.jpg?resize=525%2C300&ssl=1 1.5x, https:\/\/i0.wp.com\/espritlibre.ovh\/wp-content\/uploads\/2024\/05\/logo-1-scaled.jpg?resize=700%2C400&ssl=1 2x, https:\/\/i0.wp.com\/espritlibre.ovh\/wp-content\/uploads\/2024\/05\/logo-1-scaled.jpg?resize=1050%2C600&ssl=1 3x, https:\/\/i0.wp.com\/espritlibre.ovh\/wp-content\/uploads\/2024\/05\/logo-1-scaled.jpg?resize=1400%2C800&ssl=1 4x"},"classes":[]},{"id":7065,"url":"https:\/\/espritlibre.ovh\/?page_id=7065","url_meta":{"origin":7199,"position":3},"title":"\u00catre \u00e9dit\u00e9 par &#8230;","author":"Esprit Libre","date":"5 octobre 2025","format":false,"excerpt":"Vous souhaitez \u00eatre \u00e9dit\u00e9 Pour rejoindre les \u00e9ditions \u00ab\u00a0Esprit Libre\u00a0\u00bb, envoyez-nous vos manuscrits \u00e0 l'adresse mail suivante : associationespritlibre76@gmail.com","rel":"","context":"Article similaire","block_context":{"text":"Article similaire","link":""},"img":{"alt_text":"","src":"https:\/\/i0.wp.com\/espritlibre.ovh\/wp-content\/uploads\/2024\/05\/logo-1-scaled.jpg?resize=350%2C200&ssl=1","width":350,"height":200,"srcset":"https:\/\/i0.wp.com\/espritlibre.ovh\/wp-content\/uploads\/2024\/05\/logo-1-scaled.jpg?resize=350%2C200&ssl=1 1x, https:\/\/i0.wp.com\/espritlibre.ovh\/wp-content\/uploads\/2024\/05\/logo-1-scaled.jpg?resize=525%2C300&ssl=1 1.5x, https:\/\/i0.wp.com\/espritlibre.ovh\/wp-content\/uploads\/2024\/05\/logo-1-scaled.jpg?resize=700%2C400&ssl=1 2x, https:\/\/i0.wp.com\/espritlibre.ovh\/wp-content\/uploads\/2024\/05\/logo-1-scaled.jpg?resize=1050%2C600&ssl=1 3x, https:\/\/i0.wp.com\/espritlibre.ovh\/wp-content\/uploads\/2024\/05\/logo-1-scaled.jpg?resize=1400%2C800&ssl=1 4x"},"classes":[]},{"id":910,"url":"https:\/\/espritlibre.ovh\/?page_id=910","url_meta":{"origin":7199,"position":4},"title":"Radio Esprit Libre","author":"Esprit Libre","date":"26 mai 2022","format":false,"excerpt":"","rel":"","context":"Article similaire","block_context":{"text":"Article similaire","link":""},"img":{"alt_text":"","src":"https:\/\/i0.wp.com\/espritlibre.ovh\/wp-content\/uploads\/2026\/03\/logo-esprit-libre-radio.jpeg?resize=350%2C200&ssl=1","width":350,"height":200},"classes":[]},{"id":7294,"url":"https:\/\/espritlibre.ovh\/?page_id=7294","url_meta":{"origin":7199,"position":5},"title":"Le projet","author":"Esprit Libre","date":"2 novembre 2025","format":false,"excerpt":"Nous avons d\u00e9cid\u00e9 de partager en temps r\u00e9el le projet et les diff\u00e9rentes \u00e9tapes de d\u00e9veloppement de notre activit\u00e9. Phase 1 \u2013 Janvier 2026 : Lancement op\u00e9rationnel Objectif : rendre la maison d\u2019\u00e9dition pleinement active et visible. Actions : Mise en ligne officielle du site (activation des ventes d\u00e9mat\u00e9rialis\u00e9es). (\u2026","rel":"","context":"Article similaire","block_context":{"text":"Article similaire","link":""},"img":{"alt_text":"","src":"","width":0,"height":0},"classes":[]}],"jetpack_sharing_enabled":true,"_links":{"self":[{"href":"https:\/\/espritlibre.ovh\/index.php?rest_route=\/wp\/v2\/pages\/7199","targetHints":{"allow":["GET"]}}],"collection":[{"href":"https:\/\/espritlibre.ovh\/index.php?rest_route=\/wp\/v2\/pages"}],"about":[{"href":"https:\/\/espritlibre.ovh\/index.php?rest_route=\/wp\/v2\/types\/page"}],"author":[{"embeddable":true,"href":"https:\/\/espritlibre.ovh\/index.php?rest_route=\/wp\/v2\/users\/1"}],"replies":[{"embeddable":true,"href":"https:\/\/espritlibre.ovh\/index.php?rest_route=%2Fwp%2Fv2%2Fcomments&post=7199"}],"version-history":[{"count":1,"href":"https:\/\/espritlibre.ovh\/index.php?rest_route=\/wp\/v2\/pages\/7199\/revisions"}],"predecessor-version":[{"id":7823,"href":"https:\/\/espritlibre.ovh\/index.php?rest_route=\/wp\/v2\/pages\/7199\/revisions\/7823"}],"wp:attachment":[{"href":"https:\/\/espritlibre.ovh\/index.php?rest_route=%2Fwp%2Fv2%2Fmedia&parent=7199"}],"curies":[{"name":"wp","href":"https:\/\/api.w.org\/{rel}","templated":true}]}}

<p>À propos de notre association Esprit Libre. </p>



<div class="wp-block-media-text is-stacked-on-mobile" style="grid-template-columns:29% auto"><figure class="wp-block-media-text__media"><img data-recalc-dims="1" loading="lazy" decoding="async" width="640" height="480" src="https://i0.wp.com/espritlibre.ovh/wp-content/uploads/2024/05/logo-1.jpg?resize=640%2C480&#038;ssl=1" alt="" class="wp-image-4674 size-full" srcset="https://i0.wp.com/espritlibre.ovh/wp-content/uploads/2024/05/logo-1-scaled.jpg?resize=1024%2C768&amp;ssl=1 1024w, https://i0.wp.com/espritlibre.ovh/wp-content/uploads/2024/05/logo-1-scaled.jpg?resize=300%2C225&amp;ssl=1 300w, https://i0.wp.com/espritlibre.ovh/wp-content/uploads/2024/05/logo-1-scaled.jpg?resize=768%2C576&amp;ssl=1 768w, https://i0.wp.com/espritlibre.ovh/wp-content/uploads/2024/05/logo-1-scaled.jpg?resize=1536%2C1152&amp;ssl=1 1536w, https://i0.wp.com/espritlibre.ovh/wp-content/uploads/2024/05/logo-1-scaled.jpg?resize=2048%2C1536&amp;ssl=1 2048w, https://i0.wp.com/espritlibre.ovh/wp-content/uploads/2024/05/logo-1-scaled.jpg?w=1280&amp;ssl=1 1280w, https://i0.wp.com/espritlibre.ovh/wp-content/uploads/2024/05/logo-1-scaled.jpg?w=1920&amp;ssl=1 1920w" sizes="auto, (max-width: 640px) 100vw, 640px" /></figure><div class="wp-block-media-text__content">
<p>« <strong>Esprit Libre</strong> » est une association d&rsquo;action culturelle et de création artistique. Nous projet est de lancer  une maison d&rsquo;édition associative dont l&rsquo;objectif sera de permettre à tout artiste de Normandie de pouvoir être édités sur la base de contrat d&rsquo;édition priorisant la rémunération du créateur. Nous éditerons des livres dématérialisés principalement ainsi que de la création musicale.</p>
</div></div>



<p>Voilà un projet des plus délicats et passionnant. C’est bien la passion qui nous alimente. Cela consiste à mettre en lumière le travail des artistes locaux au travers la vente de leurs réalisations.&nbsp;Notre zone principale d&rsquo;action est Rouen et son agglomération.</p>



<p>Notre objectif, c’est de permettre aux artistes édités chez nous de pouvoir obtenir un maximum de connexion dans cet univers qu’est internet.&nbsp;</p>



<p>Sur la base d’un contrat d’auteur, nous nous engageons à générer un réseau national et francophone pour que les œuvres artistiques soient les pus optimisées.&nbsp;</p>



<p>Nous assurons entre 60 et 80 % de rémunération aux auteurs en moyenne dans nos contrats sur les ventes dématérialisées de leurs œuvres.&nbsp;</p>



<p>Concernant les œuvres vendues matériellement, le contrat portera sur une rémunération de l’ordre de 30 à 50 % selon les cas.</p>



<h2 class="wp-block-heading has-vivid-red-color has-text-color has-link-color wp-elements-063601b39cbc0724d370a9e9b265c94c">Démarrage du projet : Octobre 2026 </h2>



<hr class="wp-block-separator has-alpha-channel-opacity is-style-wide"/>



<h3 class="wp-block-heading">2026 : Esprit Libre, le journal, Radio Mug International, notre radio </h3>



<h2 class="wp-block-heading">En amont de notre projet, nous lançons un journal d&rsquo;information locale </h2>



<p> » Esprit Libre » est d&rsquo;abord un journal culturel et de création artistique dont les principaux axes seront de développer de l&rsquo;information principalement sur l&rsquo;agglomération rouennaise. </p>



<p>Rien de tel pour créer une dynamique réaliste qui nous permettra de construire en parallèle notre projet de maison d&rsquo;édition associative.</p>



<p></p>

<p>À propos de notre association Esprit Libre. « Esprit Libre » est une association d&rsquo;action culturelle et de création artistique.</p>

Présentation

Présentation Esprit Libre : Une maison d'édition associative en Normandie. Voilà un projet des plus délicats et passionnant. c'est bien la passion qui nous alimentent. Celle qui consiste à mettre en lumière des artistes locaux au travers la vente de leurs réalisations. Notre objectif, c'est de permettre aux artistes édités…

Soutiens-nous avec ton pognon ! POUR FAIRE UN DON CLIQUER SUR LE BOUTON “CONTRIBUER” Esprit Libre soutient l'expression libre Depuis 2021, nous travaillons bénévolement. Ici, pas de pub, ni subventions . Esprit Libre est une association qui soutient la culture locale par la mise en ligne de créations artistiques et…

29 août 2022

Le projet Journal, radio, maison d'édition, nous agissons pour que l'expression artistique et culturelle puisse être à la portée de tous. Auteurs, nous nous sommes rassemblés afin de développer un support libre sur des valeurs spécifiques. Nous défendons la liberté d'expression dans le respect de tous. Ni racisme, ni haine,…

Être édité par &#8230;

Vous souhaitez être édité Pour rejoindre les éditions « Esprit Libre », envoyez-nous vos manuscrits à l'adresse mail suivante : associationespritlibre76@gmail.com

Nous avons décidé de partager en temps réel le projet et les différentes étapes de développement de notre activité. Phase 1 – Janvier 2026 : Lancement opérationnel Objectif : rendre la maison d’édition pleinement active et visible. Actions : Mise en ligne officielle du site (activation des ventes dématérialisées). (…
